s the hundred thousands digit of 8505738?
5
What is the thousands digit of 2470774309?
4
What is the hundred thousands digit of 59051375?
0
What is the units digit of 131511873?
3
What is the hundred millions digit of 1907586032?
9
What is the units digit of 45531699?
9
What is the hundred thousands digit of 652146493?
1
What is the ten thousands digit of 704308884?
0
What is the millions digit of 3276204563?
6
What is the billions digit of 6068549148?
6
What is the thousands digit of 32606034?
6
What is the hundred millions digit of 203149974?
2
What is the hundreds digit of 28135199?
1
What is the units digit of 151062443?
3
What is the ten thousands digit of 703949?
0
What is the hundred thousands digit of 20301668?
3
What is the tens digit of 31092434?
3
What is the millions digit of 596137071?
6
What is the units digit of 112231271?
1
What is the hundreds digit of 946366741?
7
What is the thousands digit of 969078235?
8
What is the hundred thousands digit of 34656032?
6
What is the thousands digit of 90685443?
5
What is the hundreds digit of 80529616?
6
What is the units digit of 545216883?
3
What is the hundreds digit of 2118057984?
9
What is the ten thousands digit of 242995774?
9
What is the millions digit of 80166726?
0
What is the millions digit of 3775514565?
5
What is the ten thousands digit of 3319410987?
1
What is the millions digit of 6797091?
6
What is the tens digit of 3161754999?
9
What is the units digit of 97380628?
8
What is the hundred millions digit of 278557491?
2
What is the hundred millions digit of 1320874580?
3
What is the tens digit of 1809285403?
0
What is the tens digit of 606988910?
1
What is the thousands digit of 3681882473?
2
What is the ten thousands digit of 5915833?
1
What is the ten thousands digit of 33467529?
6
What is the thousands digit of 67835370?
5
What is the hundred millions digit of 2855864415?
8
What is the millions digit of 4256779?
4
What is the hundred thousands digit of 305349903?
3
What is the hundreds digit of 42929434?
4
What is the hundred thousands digit of 31276757?
2
What is the units digit of 3926313468?
8
What is the units digit of 99711558?
8
What is the hundred millions digit of 5395380213?
3
What is the tens digit of 304468241?
4
What is the ten thousands digit of 949351857?
5
What is the ten thousands digit of 35498541?
9
What is the thousands digit of 628678579?
8
What is the ten thousands digit of 45466385?
6
What is the hundred millions digit of 2103928565?
1
What is the millions digit of 76181757?
6
What is the ten millions digit of 238900102?
3
What is the hundreds digit of 590321616?
6
What is the hundred thousands digit of 375138758?
1
What is the millions digit of 68951838?
8
What is the hundreds digit of 599721279?
2
What is the hundreds digit of 70722750?
7
What is the thousands digit of 165204963?
4
What is the billions digit of 1851397119?
1
What is the thousands digit of 640835061?
5
What is the units digit of 265477400?
0
What is the hundred millions digit of 284013691?
2
What is the ten millions digit of 31399762?
3
What is the ten millions digit of 619546331?
1
What is the units digit of 1599859928?
8
What is the ten thousands digit of 114067426?
6
What is the ten thousands digit of 2825596690?
9
What is the thousands digit of 7593853?
3
What is the units digit of 1811486779?
9
What is the hundred thousands digit of 137416388?
4
What is the billions digit of 7490546431?
7
What is the ten millions digit of 48841159?
4
What is the units digit of 199703013?
3
What is the millions digit of 922476679?
2
What is the hundreds digit of 4142954427?
4
What is the thousands digit of 88071897?
1
What is the units digit of 35781131?
1
What is the tens digit of 4379593936?
3
What is the millions digit of 4333230076?
3
What is the ten thousands digit of 42482926?
8
What is the hundred millions digit of 142310075?
1
What is the tens digit of 1540567820?
2
What is the millions digit of 44553310?
4
What is the units digit of 379933828?
8
What is the ten millions digit of 123089003?
2
What is the hundreds digit of 86961275?
2
What is the hundreds digit of 3036501835?
8
What is the hundred millions digit of 1443925912?
4
What is the billions digit of 4926267942?
4
What is the units digit of 345447013?
3
What is the ten thousands digit of 7334544390?
4
What is the units digit of 322888517?
7
What is the tens digit of 1555492850?
5
What is the hundreds digit of 519653380?
3
What is the tens digit of 731679865?
6
What is the tens digit of 310916978?
7
What is the ten millions digit of 44834813?
4
What is the tens digit of 3225703?
0
What is the hundred millions digit of 1117721900?
1
What is the millions digit of 5768032590?
8
What is the ten thousands digit of 1371126271?
2
What is the hundred millions digit of 471921131?
4
What is the hundreds digit of 730547953?
9
What is the units digit of 27482885?
5
What is the hundred millions digit of 189114436?
1
What is the hundred thousands digit of 465773996?
7
What is the hundreds digit of 1950429348?
3
What is the millions digit of 269614944?
9
What is the thousands digit of 36159183?
9
What is the hundreds digit of 172831237?
2
What is the hundred thousands digit of 773597759?
5
What is the tens digit of 51847667?
6
What is the hundreds digit of 2283338764?
7
What is the ten thousands digit of 134183305?
8
What is the ten thousands digit of 57263186?
6
What is the millions digit of 1148944444?
8
What is the hundred millions digit of 151735683?
1
What is the ten thousands digit of 18162679?
6
What is the ten thousands digit of 14239772?
3
What is the hundred millions digit of 414945151?
4
What is the millions digit of 662178593?
2
What is the thousands digit of 3643772324?
2
What is the hundred thousands digit of 669655842?
6
What is the millions digit of 500901097?
0
What is the thousands digit of 183375110?
5
What is the ten thousands digit of 1623038626?
3
What is the thousands digit of 168040752?
0
What is the thousands digit of 606403619?
3
What is the units digit of 869597547?
7
What is the units digit of 719399954?
4
What is the millions digit of 47478755?
7
What is the thousands digit of 6892082?
2
What is the ten thousands digit of 12057946?
5
What is the ten millions digit of 208118950?
0
What is the hundreds digit of 1190622809?
8
What is the ten millions digit of 185493942?
8
What is the units digit of 344881902?
2
What is the tens digit of 1040758501?
0
What is the hundred thousands digit of 838943929?
9
What is the hundred millions digit of 1444910823?
4
What is the units digit of 3652884706?
6
What is the hundred millions digit of 1133279900?
1
What is the hundred thousands digit of 270780929?
7
What is the hundred thousands digit of 2148494815?
4
What is the millions digit of 4378112061?
8
What is the units digit of 49608420?
0
What is the millions digit of 6409277870?
9
What is the hundred thousands digit of 46570627?
5
What is the ten millions digit of 357521782?
5
What is the ten thousands digit of 802295?
0
What is the hundred thousands digit of 152983909?
9
What is the ten thousands digit of 577541272?
4
What is the tens digit of 339569912?
1
What is the millions digit of 1084385373?
4
What is the thousands digit of 23365110?
5
What is the hundred thousands digit of 45770922?
7
What is the hundreds digit of 484446224?
2
What is the thousands digit of 39732883?
2
What is the hundreds digit of 1478135?
1
What is the ten thousands digit of 4067043739?
4
What is the units digit of 2465587374?
4
What is the ten millions digit of 109922547?
0
What is the ten millions digit of 332433029?
3
What is the tens digit of 781046655?
5
What is the tens digit of 4497992?
9
What is the millions digit of 456732167?
6
What is the hundred millions digit of 218014190?
2
What is the billions digit of 1145697386?
1
What is the hundred millions digit of 367820467?
3
What is the ten millions digit of 911049028?
1
What is the hundred millions digit of 167672194?
1
What is the thousands digit of 3357439299?
9
What is the hundred thousands digit of 35091816?
0
What is the units digit of 36934698?
8
What is the millions digit of 68782475?
8
What is the hundreds digit of 32530539?
5
What is the thousands digit of 1967543945?
3
What is the hu